 of d?
7
Let b = -12243 + 12253. Let w be 1/(1/3 + 0). Suppose k = -4*t + 141, w*t - k = 107 - b. What is the tens digit of t?
3
Let m(n) = 21*n**2 - 7*n - 2. Let q be m(-3). Let j = 372 - q. Suppose 4*d = k + 2*k + j, -184 = -4*d - 2*k. What is the tens digit of d?
4
Let j(d) = 5*d - 190. Let g be j(30). What is the tens digit of (-24)/g - 2316/(-15)?
5
Let i(c) = -c**2 - 18*c - 29. Suppose 0 = 2*r + 3*r - 230. Suppose 3*x - 4*n + r = 18, -n = -2*x - 17. What is the units digit of i(x)?
1
Let l(d) = -162*d + 11. Let r be l(4). Let k = r - -1137. Suppose 0 = s + 3*s - k. What is the tens digit of s?
2
Let b = -5736 + 13477. What is the thousands digit of b?
7
Let k(d) = -d + 3. Let q be k(-2). Let x(l) = q - 19*l - 5*l + 4*l. What is the units digit of x(-3)?
5
Suppose -2*d = 1 - 7. Suppose 4*o + 9 + 3 = 0. What is the tens digit of -2 - (d + o) - -32?
3
Suppose -82 = -v + 4*c, 2*v - 5*c = 5*v - 229. Let b = 173 - v. What is the units digit of b?
5
Let i = -152 - -154. Suppose i*k - 4*x = -4 + 588, -k = 4*x - 268. What is the hundreds digit of k?
2
Suppose 15*m - 105369 = -20409. What is the hundreds digit of m?
6
Let h(l) = 99*l**2 - l - 1. Let k(d) = -d + 11. Let b be k(7). Suppose 3*r + 1 - 5 = -b*t, 2*t - 3*r - 2 = 0. What is the tens digit of h(t)?
9
Suppose 5*a - 25156 = 2*r - 90140, -r + 32432 = 5*a. What is the thousands digit of r?
2
Let g(b) = -b**2 - 24*b + 10. Let k be g(-24). Let j be 4 - k*6/5. What is the hundreds digit of -2*492/j + -5?
1
Let c = 14595 + -9074. What is the thousands digit of c?
5
Let p(y) = -3*y**2 + 19*y + 14. Let z be p(7). Suppose 0 = -4*d + c + 1979 - 196, 3*c - 3 = z. What is the hundreds digit of d?
4
Suppose -29 = -5*n - 9. Let g(u) = -u - 80. Let h(y) = y + 80. Let w(o) = n*g(o) + 5*h(o). What is the units digit of w(0)?
0
Suppose -47*r + 488511 = -803736 + 269668. What is the units digit of r?
7
Suppose -62*q = -32747 - 112743 + 30170. What is the thousands digit of q?
1
Let z(w) = 709*w**2 - 16*w + 84. What is the thousands digit of z(4)?
1
Let j(i) = 15*i**3 - 44*i**2 - i + 308. What is the ten thousands digit of j(14)?
3
Let f = -31 - -35. Suppose -154 = -z - 6*q + 3*q, -f*q - 462 = -3*z. What is the units digit of z?
4
What is the thousands digit of 23/(-230) - -2154*(-52)/(-80)?
1
Let v = 3429 - 2048. Suppose v + 1691 = 8*a. Suppose -4*q + a = 52. What is the tens digit of q?
8
Suppose 5*b = 3*j + 1365 + 2167, -3556 = -5*b - j. What is the units digit of b?
0
What is the hundreds digit of (18740/14)/(406/1421)?
6
Let z(n) = 8*n**2 - 20*n + 16. Let d be z(-15). Suppose -10*r = -8*r - d. What is the units digit of r?
8
Suppose 4*z - 2*w - 64980 = 0, -2*z - 3*z = 2*w - 81243. What is the hundreds digit of z?
2
Let r = -19272 - -27274. What is the units digit of r?
2
Let d be (1 + -1)*(-5)/10. Suppose 4*b - 5*b = d. Suppose 3*g - 2*w = -g + 288, -4*g + 4*w + 292 = b. What is the tens digit of g?
7
Suppose -68*t + 71*t - r - 10959 = 0, 5*r - 3653 = -t. What is the units digit of t?
3
Suppose 244*t = 353*t - 1928973. What is the ten thousands digit of t?
1
Let x = -284 + 286. Suppose 0 = -4*t - x*u + 2132, -u - 2126 = -4*t - 0*t. What is the tens digit of t?
3
Suppose 12*g - 19 - 5 = 0. Suppose -42 = -g*n + n + 2*y, 5*n + 3*y - 249 = 0. Suppose 12*d = 8*d + n. What is the units digit of d?
2
Let p be 822 - 11/((-33)/(-18)). Let d = -563 + p. What is the hundreds digit of d?
2
Let k be (-70)/14*(-8)/20. Suppose -4*x - 2049 + 5342 = -h, -4*x + 3290 = -k*h. What is the tens digit of x?
2
Let j = 63 + -52. Suppose -2*p + 19 = j. Suppose 4*a = -4*h + 56, 5*h = -p*a + 2*a + 79. What is the units digit of h?
7
Let b be (-4 + 2)*(4/(-8) + 1). Let z be (14 + -11)*b*1/3. What is the tens digit of z/4*-2*234?
1
What is the tens digit of -24728*(11/((-484)/187) - (-9 + 6))?
1
Suppose 27 = -3*b, -12*b = -y - 11*b + 54653. What is the thousands digit of y?
4
Let j be (0 + 0 + 0)/(8/4). Let n(d) = 3*d + 1. Let m be n(j). What is the tens digit of m/(6/4)*45?
3
Let h(s) = -3*s**2 - 4*s - 7. Let k be h(9). Let m = 85 + k. Let q = m - -292. What is the units digit of q?
1
Let x be -2 + 16/7 + 230/(-70). Let g(c) = -16*c + 22. Let q be g(x). Suppose -q = -17*t + 16*t. What is the tens digit of t?
7
Let q(t) = -3*t**3 - 12*t**2 - 4*t - 18. Suppose -47*w = -42*w + 35. What is the tens digit of q(w)?
5
Suppose -30 = 5*q, 0 = -u + 5*q + 18542 - 1670. What is the ten thousands digit of u?
1
Let u = 26 + -26. Let n be ((u/5)/(2 - 1))/1. Suppose 2*t = 0, n = h + h - 5*t - 68. What is the tens digit of h?
3
Let q(x) = 15*x + 186915 - 9*x - 186922 + 38*x. Let t = -2 + 3. What is the units digit of q(t)?
7
Let u be 13/2*(1 + 1) + 1. Let j = u + -15. What is the tens digit of 2*(83/(-2))/j?
8
Let b(z) = 15*z + 3 - 7*z - 13. Suppose -13*x + 32 = -9*x - 4*w, 0 = 3*w. What is the tens digit of b(x)?
5
Let n(o) = -o**3 + 111*o**2 - 704*o - 467. What is the ten thousands digit of n(99)?
4
Let r(d) = 62*d - 54. Let q be r(5). Let k = 1356 + q. What is the thousands digit of k?
1
Suppose 0 = 4*y - 8 - 20. Suppose 5*p = y*p - 1298. What is the units digit of p?
9
Let m(i) = -795*i + 4207. What is the thousands digit of m(-10)?
2
What is the hundreds digit of (1050/56 - 16)/(-1 - (-3557)/3556)?
7
Let u(r) = -9*r + 27. Let l be u(-5). Let c be 9/l - (-34671)/8. What is the units digit of 4/18 + (c/18 - 2)?
9
Suppose 0 = -84*s + 78*s - 8712. Let a = 2325 + s. What is the tens digit of a?
7
Let g = -6 - -11. Suppose -g*v + 7*v = 456. Let u = -136 + v. What is the tens digit of u?
9
Let s(l) = 22*l - 186. Let b = 305 + -273. What is the units digit of s(b)?
8
Suppose -3 = -2*u + 13. Let s(m) be the third derivative of m**6/120 - m**5/10 - m**4/12 - 11*m**3/6 + 24*m**2. What is the units digit of s(u)?
1
Suppose -3*j = -5*l - 87, -3*j - j + 14 = -l. Let q be (l/(-15))/(14/35). Suppose 3*i + 0*d - 222 = -q*d, 5*i = -d + 382. What is the tens digit of i?
7
Suppose 32805 + 101997 = 4*a - 5*m, 0 = 4*a + 5*m - 134862. What is the hundreds digit of a?
7
Let d(n) be the third derivative of -n**5/60 - 5*n**4/24 + 5*n**3/2 + 11*n**2. Let v be d(-7). What is the tens digit of 12/6 + (-159)/(-1) + v?
6
Let m = 7591 - 151. What is the hundreds digit of m?
4
Suppose -11*p - 61 = -17. Let t be (-2 - 2)*(2 - (-10)/p). What is the tens digit of 2*101*1/t?
0
Let p(d) = -4*d + 19. Let j be p(4). Suppose -604 = -f - 2*u, j*f - 1857 = -0*u + 3*u. What is the hundreds digit of f?
6
What is the units digit of (-66470103)/(-945) + (-24)/(-90) + 0?
9
Suppose 0 = k - 5*k - 5*l + 43567, -3*k - 5*l + 32674 = 0. What is the units digit of k?
3
What is the thousands digit of 16/(-184) + (1727080/115 - -6)?
5
Let y(c) = -c**3 + 7*c**2 + 19*c - 10. Let b be y(9). Let q be ((-9)/(-2) - b) + (-39)/(-26). What is the units digit of (-2)/q*(-49)/28*4?
2
Let j(d) = 10*d + 1. Let n be j(1). Let g = -1528 - -1561. What is the tens digit of 107/3 + n/g?
3
Suppose 5*b - 4*q + 9*q = 160465, -128347 = -4*b + q. What is the units digit of b?
8
Let t(f) = 75*f**3 + 3*f - 41. What is the units digit of t(6)?
7
Let i(r) = 9*r**2 + 12*r - 13. Suppose -4*u = -n + 26, -11*u + 2*n = -6*u + 34. What is the units digit of i(u)?
9
What is the units digit of (-38950230)/(-2226) - 30/(-14)?
0
Suppose 15 = -7*x + 12*x, 0 = -4*h + 3*x + 3. Suppose -3*n - 15 = 0, -h*n + 1740 = 5*d - 4*n. What is the tens digit of d?
4
Suppose -255*a + 253*a = 26. Let x = 188 - a. What is the tens digit of x?
0
Let k(v) = -84*v - 20. Let l be k(-5). What is the units digit of l + 24/(-4) + 1?
5
Let g = 10917 - 4499. What is the units digit of g?
8
Let k(v) = v - 2 + 4*v**3 + v**3 - 3 + 6*v**2 - 6*v**3 - 2*v. What is the units digit of k(-6)?
3
Suppose 83*n - 2636111 + 159372 = 24134. What is the tens digit of n?
3
Suppose l - 374 = 51. Let i = l - 7. What is the hundreds digit of i?
4
Let l(j) = j**3 - 43*j**2 + 137*j + 93. Let a be l(40). Let m = 1201 - a. What is the units digit of m?
8
Suppose -17*f = -18*f - 3. Let l be 8/((-6)/(f - 0)). Suppose -l*y = -c + 112, -2*y = -8 - 2. What is the tens digit of c?
3
Suppose -30*q + 82730 = -8395 - 22725. What is the tens digit of q?
9
Suppose -97*q + 117*q - 9620 = 0. What is the hundreds digit of q?
4
Suppose 0 = 59*a - 60*a + 321. Suppose 0 = 2*z - 763 - a. Let i = z -